alse
Is 534713147 a composite number?
True
Is 1863598817 prime?
False
Is 2332548497 prime?
False
Is 2333840519 a prime number?
False
Is 273521049 a composite number?
True
Is 4416064699 a prime number?
False
Is 40653220879 composite?
True
Is 1562441087 prime?
False
Is 5156725943 composite?
True
Is 3220953907 composite?
False
Is 1299545591 a prime number?
True
Is 3435943417 composite?
False
Is 482860253 a composite number?
False
Is 6605693189 prime?
True
Is 15251852911 composite?
False
Is 192722851235 composite?
True
Is 639208711 a composite number?
False
Is 22349115991 prime?
False
Is 21853865233 a composite number?
True
Is 12179915981 a composite number?
True
Is 60209489 composite?
False
Is 7743045313 prime?
False
Is 11458959277 composite?
False
Is 2165674211 prime?
True
Is 2537941921 a composite number?
False
Is 40113167 prime?
True
Is 533065261 a prime number?
True
Is 15714529846 a prime number?
False
Is 3202082789 a prime number?
True
Is 3237532867 composite?
False
Is 4552178341 a composite number?
False
Is 219081953 prime?
True
Is 1623438827 composite?
False
Is 36948147163 a composite number?
True
Is 240311341229 a prime number?
False
Is 27804663265 composite?
True
Is 1173483401 prime?
True
Is 368187697 a prime number?
True
Is 18942001709 prime?
True
Is 530050363 composite?
False
Is 177392814769 a composite number?
True
Is 68433257173 prime?
True
Is 2252205141 a prime number?
False
Is 4418519933 composite?
True
Is 3459548893 composite?
False
Is 238228063 composite?
False
Is 620101901 a composite number?
False
Is 226528978387 composite?
True
Is 2821632667 a prime number?
False
Is 57968508265 a composite number?
True
Is 21756674831 composite?
True
Is 39611975761 a prime number?
True
Is 13938093307 a prime number?
True
Is 2929875869 prime?
False
Is 39043789 composite?
True
Is 369067073 composite?
False
Is 40696217 a prime number?
True
Is 2364385817 composite?
True
Is 23291953 a prime number?
True
Is 2318132693 a prime number?
False
Is 2446756811 prime?
True
Is 946913129 prime?
False
Is 769370281 a composite number?
False
Is 1549269983 a prime number?
True
Is 322808891 prime?
True
Is 7664520239 composite?
True
Is 3963261443 a prime number?
True
Is 163486255 a prime number?
False
Is 316920251 a composite number?
True
Is 52676919731 prime?
False
Is 52434674291 a composite number?
True
Is 1084808247 composite?
True
Is 132325800389 a composite number?
True
Is 1467397154 a prime number?
False
Is 11936909 a prime number?
True
Is 38054063849 a prime number?
True
Is 66078519851 composite?
True
Is 3219595409 prime?
True
Is 34640449289 a composite number?
False
Is 54002087 a prime number?
True
Is 175665909473 prime?
True
Is 11096972773 a prime number?
False
Is 100043793407 prime?
False
Is 4357054841 prime?
False
Is 27934434069 a composite number?
True
Is 1718261923 prime?
False
Is 298380521 a composite number?
True
Is 31115527309 a composite number?
False
Is 2044065853 composite?
False
Is 117698193607 prime?
True
Is 9741357253 composite?
False
Is 95206061 a prime number?
True
Is 19400072129 a composite number?
False
Is 4654062265 prime?
False
Is 114743970379 a composite number?
False
Is 256647163 a composite number?
True
Is 1558439111 composite?
True
Is 60511263 prime?
False
Is 19574901877 composite?
True
Is 631420934 a prime number?
False
Is 18333912463 a composite number?
True
Is 36547582 prime?
False
Is 10428106651 a composite number?
True
Is 144982337 a prime number?
True
Is 78378253 prime?
False
Is 22871116927 composite?
False
Is 86867284919 a prime number?
True
Is 3302268563 composite?
True
Is 7821017483 prime?
True
Is 2239485869 a composite number?
True
Is 18254109959 prime?
False
Is 3584178277 a prime number?
False
Is 6685284257 composite?
False
Is 13524554023 composite?
False
Is 503545279145 a composite number?
True
Is 3554563691 a prime number?
False
Is 44718300371 prime?
True
Is 632988973 prime?
True
Is 53983723559 a composite number?
False
Is 15190492099 composite?
False
Is 44034221017 prime?
True
Is 117859949 prime?
True
Is 1219767557 a prime number?
False
Is 90665577761 a prime number?
False
Is 51717977183 composite?
True
Is 2712733141 a composite number?
False
Is 10746681847 a composite number?
True
Is 5804867413 prime?
False
Is 6130532755 composite?
True
Is 287539571 composite?
True
Is 1878761801 a prime number?
False
Is 1030391081 composite?
True
Is 1213311989 a prime number?
True
Is 837356123 a composite number?
True
Is 29407782881 a prime number?
False
Is 2155018853 composite?
True
Is 3401598769 composite?
False
Is 154622953 a prime number?
True
Is 7700905897 composite?
False
Is 5141002765 prime?
False
Is 970108163 a composite number?
False
Is 23905809643 a prime number?
False
Is 2676837871 a prime number?
False
Is 760717537 prime?
True
Is 7585731613 composite?
False
Is 2538198599 composite?
True
Is 2094918559 prime?
False
Is 606506231 a composite number?
True
Is 7465875817 a composite number?
True
Is 2005914749 composite?
False
Is 3255105463 a prime number?
True
Is 3417964141 prime?
False
Is 18192058223 a prime number?
True
Is 52504913 a composite number?
False
Is 67524131 prime?
True
Is 13225397242 a composite number?
True
Is 74467987679 composite?
True
Is 2782009907 composite?
False
Is 359162647 prime?
True
Is 10874528591 prime?
False
Is 63193754051 a composite number?
True
Is 921604513 a prime number?
True
Is 1344519149 prime?
False
Is 24093726929 composite?
True
Is 2385922313 a composite number?
True
Is 417355024799 prime?
True
Is 148415689 composite?
True
Is 8874909821 prime?
True
Is 173921879 composite?
False
Is 39942797 a composite number?
False
Is 5084696801 a prime number?
False
Is 103218953 prime?
False
Is 6444924869 composite?
False
Is 94619694437 a prime number?
True
Is 2678425349 prime?
False
Is 788257481 prime?
False
Is 97858921 a prime number?
True
Is 1239500323 a composite number?
False
Is 951552839 a composite number?
True
Is 22064861669 composite?
True
Is 868932517 prime?
True
Is 10928617537 a prime number?
True
Is 189899597 composite?
False
Is 32846683813 prime?
True
Is 458580677 a composite number?
False
Is 12734893993 a prime number?
False
Is 946576727 prime?
False
Is 744389105 prime?
False
Is 299351566 a prime number?
False
Is 7146958207 a prime number?
True
Is 1492270517 a composite number?
True
Is 4033410881 prime?
True
Is 1236465739 prime?
True
Is 28400085886 prime?
False
Is 105165997 a prime number?
True
Is 139904774 composite?
True
Is 924576019 composite?
False
Is 8459888123 prime?
True
Is 63694436287 a prime number?
False
Is 1232731037 a prime number?
True
Is 34115177 prime?
False
Is 112862923 a composite number?
False
Is 14219012447 a composite number?
False
Is 670606919 a composite number?
True
Is 62716660759 a prime number?
False
Is 43494131999 prime?
False
Is 2779764727 prime?
True
Is 1220824559 prime?
True
Is 10058880077 a composite number?
False
Is 21253282195 prime?
False
Is 1358461627 a prime number?
False
Is 374829071 composite?
False
Is 2574514247 prime?
False
Is 3023456281 a prime number?
True
Is 330353731 composite?
True
Is 4769180641 a prime number?
True
Is 31313038381 a composite number?
False
Is 11736156017 a composite number?
False
Is 11033676481 prime?
False
Is 2559687301 prime?
True
Is 3167880017 prime?
True
Is 231291173 composite?
False
Is 642228077 composite?
True
Is 47395889453 a composite number?
True
Is 2423588939 prime?
False
Is 647654281 prime?
False
Is 1182407585 composite?
True
Is 9318673487 a prime number?
True
Is 2716896619 prime?
True
Is 3787343903 a prime number?
False
Is 4421135963 a composite number?
False
Is 6727755349 a prime number?
False
Is 217126991 a composite number?
False
Is 3773389439 a composite number?
True
Is 30925797737 a prime number?
True
Is 448580399 a prime number?
False
Is 867151247 prime?
True
Is 8109666835 a prime number?
False
Is 23036611517 prime?
False
Is 876264683 prime?
False
Is 65947164137 prime?
True
Is 910660841 composite?
True
Is 34491349 prime?
True
Is 11845441507 prime?
True
Is 313559758357 a prime number?
True
Is 3483244199 a composite number?
True
Is 106033063 composite?
True
Is 140515477 a prime number?
False
Is 125224327 prime?
True
Is 1899380597 a composite number?
False
Is 160457578783 a prime number?
True
Is 3754647643 a composite 